vided by z?
1
Let m = -33 - -47. Suppose -6*o = -292 + 58. What is the remainder when o is divided by m?
11
Suppose -18 = -3*b + b. Let i = 78 - 26. Suppose p = -p + i. Calculate the remainder when p is divided by b.
8
Suppose -137 = -7*a + 73. What is the remainder when a is divided by 8?
6
Let d(c) = 73*c**3 + c**2 - c. Calculate the remainder when d(1) is divided by 40.
33
Let q(l) = -8*l - 41. Calculate the remainder when 2/9 + 1634/18 is divided by q(-8).
22
Suppose 3*v - r - 3 = 2*r, 5*r - 31 = -4*v. Suppose 0 = w + v*w - 100. What is the remainder when w is divided by 7?
6
Suppose 0*u - 7 = -u. Suppose -8*y + u*y + 14 = 0. What is the remainder when 41 is divided by y?
13
Suppose -c - 5 = 3*v - 5*c, 8 = 4*v + 2*c. Calculate the remainder when (-4)/v*(-3 + -1) is divided by 9.
7
Suppose -m + 9 - 3 = 0. Let n be 6*1/(-3)*10. Let a = m - n. What is the remainder when a is divided by 7?
5
Suppose 6 = -w + 3*w. Suppose w*r = -0*r + 177. What is the remainder when r is divided by 20?
19
Calculate the remainder when ((-30)/(-9))/((-1)/(-27)) is divided by 2/(-6) + 70/3.
21
Suppose -5*g = 5*c - 50, -5*c = -c + 3*g - 37. Calculate the remainder when c is divided by 6/((-2)/4*-3).
3
What is the remainder when 1 is divided by -3 - (-8 - (-1 - 3))?
0
Let q be (-4)/14 - 382/(-14). Let h = 34 - q. Calculate the remainder when 20 is divided by h.
6
Let h = 16 + -25. Let t be (15*h)/(-3 + 2). Suppose -2*w + 5*w = t. Calculate the remainder when w is divided by 23.
22
Suppose 0 = 2*w + 38 - 372. What is the remainder when w is divided by 28?
27
Let x = 33 - 11. Let q = 56 - 15. Calculate the remainder when q is divided by x.
19
Suppose b - 12 + 2 = 0. Let k be ((-9)/2)/(2/(-12)). Let n = k + -9. Calculate the remainder when n is divided by b.
8
What is the remainder when 13 is divided by 10/(-2)*(-1)/((-5)/(-2))?
1
Suppose 5*m + 1 = 3*u - 2*u, 2*m - 59 = -5*u. Let l = u - 8. Calculate the remainder when 7 is divided by l.
1
Suppose 4*f = 3*o + 8, -2*o = -3*o + 5*f + 1. Let v be (-5 - o)*(0 + 1). What is the remainder when 29 is divided by (v + 8)*2 + 1?
14
Suppose 2*u + 3*c = c, -2*c = 5*u - 12. What is the remainder when 19 is divided by u?
3
Suppose -5*q = -4*i + i + 121, -195 = -5*i + 5*q. Suppose -30 = -5*c + 4*m, 2*c - m - 25 = -2*m. What is the remainder when i is divided by c?
7
Let l = 26 + -47. Suppose 6*q + 65 = q. Let u = q - l. Calculate the remainder when 31 is divided by u.
7
Suppose -4*h + 20 = 0, -149 = -6*v + 3*v + 5*h. Calculate the remainder when v is divided by 20.
18
Let d(m) = 10*m - 7. Let w be d(5). Let g = w + -21. Calculate the remainder when g is divided by 1*12/(0 - -1).
10
Suppose -3*d - 25 = -8*d. Suppose d*n - 48 = -2*f + 2, -2*f + n = -26. Calculate the remainder when 73 is divided by f.
13
Suppose -5*v + 27 = -3. What is the remainder when 17 is divided by v?
5
Let x(r) = r**2 - 23*r + 46. What is the remainder when 46 is divided by x(22)?
22
Let b(z) = 3*z + 16. What is the remainder when 1 is divided by b(-5)?
0
Let v(t) = -9*t - 9. Suppose -5*p + 36 = -2*p. Calculate the remainder when v(-6) is divided by p.
9
Let f(j) = 5*j**2 - 4*j - 4. Let u(q) = q - 10. Let m be u(7). Calculate the remainder when f(m) is divided by 18.
17
Let h(p) = p**2 - 2*p + 2. Suppose -10 + 30 = -t. Calculate the remainder when h(5) is divided by (18/(-5))/(8/t).
8
Let i = 12 + -19. Let j = i + 12. Calculate the remainder when 19 is divided by j.
4
Suppose b - 3 = 2*v - 4, -4*v + 3*b = -1. Let d be 2 + -13 + -1 + v. Let c = 25 + d. What is the remainder when c is divided by 5?
4
Let c(o) = 3*o**3 - 2*o**2 - 2*o. What is the remainder when c(2) is divided by 5?
2
Suppose 10 = n + 2*u, -20 = -n - n - 2*u. What is the remainder when 14 is divided by n?
4
Suppose p + 0 = 6. Suppose 0 = p*t - 3*t - 4*i + 17, -19 = -4*t - 3*i. Calculate the remainder when 2 is divided by t.
0
Suppose -36 = 2*n - 6*n. Suppose 0 = 5*d + 5*f - 5, 3*d + 6*f = f + 7. Let k = d + n. Calculate the remainder when 15 is divided by k.
7
Suppose -w + 12 = -3. Calculate the remainder when 44 is divided by w.
14
Let m be 1/(111/54 - 2). Suppose 5*q + 3 = -4*d, -d - 3*q = -4*d + m. Calculate the remainder when d is divided by 2.
1
Suppose 15 = 3*m + 3*a, -4*m + 2*a = -m. Suppose -4*i + 2 = -3*g - 6, 0 = m*i - 3*g - 4. Calculate the remainder when 3 is divided by i.
1
Let n be 348/(-9) + (-2)/(-3). Let p = -16 - n. What is the remainder when 63 is divided by p?
19
Suppose 0*b = 4*b - 96. Calculate the remainder when 46 is divided by b.
22
Suppose 0*u + 3 = 3*u + f, -3*f + 9 = 2*u. Calculate the remainder when 29 is divided by u - (-7 - (-3 + 6)).
9
Let f be (-34)/(-8) + 1/(-4). Let b = f + 0. Calculate the remainder when b is divided by 3 + (-4*(-1)/2 - 2).
1
Let o = 11 - 23. Let l be (o/15)/(2/10). What is the remainder when 28 is divided by 22/(l/(-2)) + -1?
8
Let i(x) = x**3 + 11*x**2 - x - 4. What is the remainder when 25 is divided by i(-11)?
4
Let o = -60 + 62. Let u(y) be the second derivative of y**4/6 - y**2 - y. What is the remainder when 11 is divided by u(o)?
5
Suppose o - 2*c + 38 = 6*o, -c - 8 = -2*o. Calculate the remainder when 10 is divided by o.
4
Suppose 7*b = -b + 176. What is the remainder when 87 is divided by b?
21
Let k(l) = 2*l**3 - 7*l**2 - 12*l - 1. What is the remainder when 25 is divided by k(5)?
11
Let i(f) = -f + 7. Let y be i(0). Suppose 2*v + 1 + y = 0. Calculate the remainder when (-36)/v - (-1 + -2) is divided by 7.
5
Let v = 221 + -164. Calculate the remainder when v is divided by 4*4 - (-1)/(-1).
12
Suppose 2*w - k = 78, -30 = -w - 0*k + 5*k. Let g = -8 - -8. Suppose g*a = -2*j - 4*a + w, j + 5*a = 17. Calculate the remainder when j is divided by 8.
6
Let j = 27 - 14. Suppose -423 = -6*t - 45. Calculate the remainder when t is divided by j.
11
Let q(z) = -2*z - 5. Calculate the remainder when 66 is divided by q(-14).
20
Let d(t) = 3*t**2 + 19*t + 24. What is the remainder when 74 is divided by d(-7)?
36
Suppose -17*w + 7*w + 180 = 0. Let p = 5 + 0. What is the remainder when w is divided by p?
3
What is the remainder when -4*1/(2/(-3)) is divided by (-13)/(-52) - (-30)/8?
2
Let u(z) = -12*z - 3. What is the remainder when u(-6) is divided by ((7 - -2) + 0)/((-29)/(-116))?
33
Let r(v) = -3*v + 2. Let o be r(5). Let k = 18 + o. Suppose -2*p - 29 = -2*w - 73, 0 = -k*p + 3*w + 118. What is the remainder when p is divided by 9?
8
Let v = 72 + -40. Let n be (9/2)/(6/v). Suppose 5*k = 31 + n. What is the remainder when k is divided by 4?
3
Let r = -21 - -30. What is the remainder when 25 is divided by 1*(-1*r)/(-1)?
7
Let o = 11 + -46. What is the remainder when -50*(-7)/(o/(-2)) is divided by 7?
6
Suppose 1 = -4*d + 33. Calculate the remainder when 14 is divided by d.
6
Suppose 8*f = 12*f - 120. Calculate the remainder when f is divided by 11.
8
Let f = -56 + 34. Let t = 5 + f. Let w = 1 - t. What is the remainder when 35 is divided by w?
17
Let j = 93 + -74. Suppose 2*q - 53 = -2*q + 3*c, 2*q + 3*c - 13 = 0. Calculate the remainder when j is divided by q.
8
Let g(h) = 2*h**2 + h**2 - 1 + 2*h - h**2. Let i be g(-2). Suppose 2*l = -i*l + 170. Calculate the remainder when l is divided by 12.
10
Suppose 4*o - 67 = 3*o. Calculate the remainder when o is divided by 14.
11
Suppose b - 20 = u, -17 + 111 = 5*b - 3*u. What is the remainder when 47 is divided by b?
13
Let d = -147 + 165. What is the remainder when 303 is divided by d?
15
Let k be 40 + 3/(-6)*-4. Calculate the remainder when ((-6)/9)/((-4)/k) is divided by 3.
1
What is the remainder when 41 is divided by (-3)/6 + 29/2?
13
Suppose l + 2*l - 57 = 0. Let n = 19 + -10. Suppose n = -3*d, b + 0*b = -3*d + 46. What is the remainder when b is divided by l?
17
Let b(m) = 16*m + 14. Calculate the remainder when b(7) is divided by 16.
14
Let r be (-4)/16 - (-17)/4. Let v = -2 + r. Suppose -v*a = -4*a + 42. What is the remainder when 61 is divided by a?
19
Let a be (-4)/14 + (-620)/(-14). Suppose 6*g = 2*g + a. Suppose 0 = v - 3*p + g, v + p = -0*v + 9. Calculate the remainder when v is divided by 2.
0
Suppose 40 = 3*n + 2*n. Calculate the remainder when (-2 - (-4)/n)*-30 is divided by 24.
21
Let n(q) = q**3 + 6*q**2 - 2*q - 5. Suppose -o = 3 + 3. Suppose 0 = 10*i - 6*i - 12. What is the remainder wh